v = 0. What is the units digit of x?
8
Let o(l) = -6391*l - 1493. What is the hundreds digit of o(-2)?
2
Let z = -4 - -7. Let m(l) = -z*l - 91*l - 48*l. What is the units digit of m(-1)?
2
Suppose 6*m - 27 = m - 3*u, 11 = 5*m - u. Suppose 0 = 5*j + p + 2, m*j - 3*p + 15 = p. What is the units digit of -3 - (j/(-2) + (-350)/4)?
4
Let n(h) = -h**3 - 4*h**2 - 9*h + 26. Suppose 24 = 10*t + 2*t. Suppose t*y + 128 - 116 = 0. What is the units digit of n(y)?
2
Let j = -513 + 474. What is the hundreds digit of (j/(-21))/(12/5964)?
9
Let q = 264 - 264. Let n(f) = f**2 - 9*f + 379. What is the units digit of n(q)?
9
Let l(f) = 3*f**3 - 48*f**2 + 243*f - 38. What is the hundreds digit of l(17)?
9
Suppose 0 = s - 2*x + 5 - 8, -5*x = 3*s + 13. Let i be ((-39)/(-6) - (-4)/(-8))/s. What is the units digit of (-189)/(-18) + (0 - (-3)/i)?
0
Suppose 10 = 2*x, x - 8747 = 11*i - 9*i. Let l = -2740 - i. What is the units digit of l?
1
Suppose -23*u + 245229 = 20*u. What is the thousands digit of u?
5
Suppose 4*b - 2*f = -1268, -1681 = 5*b + 4*f - 122. Let k = 1343 - b. What is the units digit of k?
8
Suppose -q - 3*v = -93, 5*v = -4*q - 0*v + 323. Let h = 1 + -1. Suppose -4*t + 400 - q = h. What is the units digit of t?
2
Let j be 12480/105 + ((-1)/7)/(-1). Let f = 307 - j. What is the units digit of f?
8
Let c(k) = 4*k + 594. What is the hundreds digit of c(49)?
7
Suppose 0 = -3*u, -3*t = 13*u - 12*u - 65169. What is the units digit of t?
3
Let n be (-11)/5 + 2 + 126/30. Suppose 0 = 2*i, 5*h - n*i - 758 = 67. What is the hundreds digit of h?
1
Suppose -232*t = -138*t - 2393616. What is the units digit of t?
4
What is the thousands digit of 6/(-39) - 33/(3861/(-950058))?
8
What is the units digit of -19*(-9)/(-855) - 243631/(-5)?
6
Let o = -25300 + 36522. What is the hundreds digit of o?
2
Suppose -3*z = 4*l - 10134, -5296 = -5*l - 3*z + 7370. What is the units digit of l?
2
Suppose -4*r + 39 + 29 = 4*g, -5*g + 89 = 4*r. Let h be (-10 + 1)/(18 - g). Suppose 146 = 4*o + w + w, 24 = o + h*w. What is the units digit of o?
9
Suppose -2*o = 2*j - 808, o - j - 11 - 399 = 0. Let f = o - 163. Suppose 4*x - f = 4*b, -2*x + 7*x - 297 = -3*b. What is the tens digit of x?
6
Suppose q - 5 = -0*q. Let v = 15 - 11. Suppose -73 = v*r - q*r. What is the tens digit of r?
7
Suppose 9*v - 18 = -0. Suppose f = -4*q - 16, 3*q = -v - 13. What is the units digit of 2/f*8 + (0 - -105)?
9
Let y(a) = -159*a + 10184. What is the hundreds digit of y(27)?
8
Suppose 6404 = 17*p - 3612 - 7664. What is the hundreds digit of p?
0
Suppose 0 = 2*n - 3*n + 192. Let r be (-16 - -16)/(2/(-1) + 0). Let f = n + r. What is the tens digit of f?
9
Suppose l - 5*l = -2*x + 10, 11 = x - 4*l. What is the hundreds digit of (-9892)/(-6) + (12/18)/x?
6
Suppose 0 = 10*k - 11*k + 1243. Suppose y = t + 250, 4*y = -y - 2*t + k. What is the hundreds digit of y?
2
Suppose k = i - 19387, 2832*i = 2835*i + k - 58157. What is the ten thousands digit of i?
1
Let c(v) = 4*v + 16. Let g be c(2). Let x be g/18 - (-110)/3. What is the hundreds digit of 8113/x + (-3)/2?
2
Let g(w) = -8*w + 145. Let o be g(18). Let y(u) = 688*u**2 + 1. What is the tens digit of y(o)?
8
Let y = -36778 + 55101. What is the units digit of y?
3
Let w be 111/((-2)/(7 - 5)). Let o = w + 123. What is the hundreds digit of (1 + -23)/(o/(-102))?
1
Let i be 1/3*(28 - 13). What is the tens digit of (-11)/(-3*((-752)/(-150) - i))?
7
Let h(p) = -21*p**3 + 25*p**2 + 53*p - 58. Let u(x) = -7*x**3 + 9*x**2 + 18*x - 19. Let r(q) = -3*h(q) + 8*u(q). What is the units digit of r(5)?
7
Let i(k) = -k**3 + 3*k**2 - 127*k + 28595. What is the tens digit of i(0)?
9
Suppose 0 = -k + 4*b - 16, 4*b + 0*b - 16 = 3*k. Suppose 3*a = l - 3511, -l - 2*a = l - 7038. Suppose k = -8*u - 1149 + l. What is the tens digit of u?
9
Suppose 50*q - 52*q = -5*j + 39744, -5*j - 3*q + 39734 = 0. What is the units digit of j?
8
Let f(s) = 5*s**2 - 1. Let d be f(1). Suppose -5*t + 17 = -2*v + d*v, 2*v + 33 = 5*t. Suppose 5*i - 56 = x, -17 = 3*i - t*i - 5*x. What is the tens digit of i?
1
Let a be (39*(-4)/(-24))/((-2)/4). Let h(o) = o**2 - 10*o - 46. What is the tens digit of h(a)?
5
Let i = -160 + 967. Let w = i - 303. What is the tens digit of w?
0
Let f(k) = k**3 + 23*k**2 - 2*k + 75. Let p be f(-23). Let r = p - -662. What is the units digit of r?
3
Suppose 260 = -12*k + 7*k. Let x be (-6)/(-39) + (-1344)/k. Suppose -2*q - x = -4*s, s + 5*q - 16 = 7. What is the units digit of s?
8
Let d be 2/(-2)*3/(-1). Let y(k) be the third derivative of k**5/15 + k**4/4 - k**3/2 - 260*k**2. What is the units digit of y(d)?
1
Let w(l) = -15*l + 3*l**2 - 4*l**2 + 6 - 21*l. What is the tens digit of w(-24)?
9
Let m(k) = -2*k**3 - 7*k**2 + k - 6. Let x(b) = b**2 - 19*b - 5. Suppose -u + 4*y = -0*u - 11, -3*y - 13 = -u. Let h be x(u). What is the units digit of m(h)?
4
Suppose -2217*k = -2220*k + 19371. What is the units digit of k?
7
Suppose -37*j + 9 = -40*j, -5*f = 5*j - 13400. What is the units digit of f?
3
Let a = 6 + -6. Suppose -h = 2*h - a*h. Suppose 4*q - 1106 + 90 = h. What is the tens digit of q?
5
Let b(o) = -5*o**3 - 9*o**2 - 2*o - 17. Let f(l) = -4*l**3 - 10*l**2 - 3*l - 18. Let c(q) = 5*b(q) - 6*f(q). What is the tens digit of c(8)?
3
Suppose -14*y = y - 135. Suppose -218 = -11*m + y*m. Suppose 0*f = -f + m. What is the units digit of f?
9
Let k(y) = -y**2 + y. Let g(a) = -7*a**2 + 10*a - 10. Let c(q) = -g(q) + 6*k(q). What is the tens digit of c(30)?
9
Suppose -6*c - 2*c - 1520 = 0. Let p be (c/(-30))/(1/3). Let u = 89 + p. What is the tens digit of u?
0
Let w = 12274 - 8144. What is the tens digit of w?
3
Let o = 15588 + -6807. What is the thousands digit of o?
8
Let u(w) = w**3 + 19*w**2 + 18*w + 7. Let a be u(-18). What is the hundreds digit of 113 - (-4 - (a - 10))?
1
Suppose -3*j - 5*r + 23 = 0, -2*j - 3*r = -0*r - 15. What is the tens digit of (0 + 933 - 6)*2/j?
0
Let a = -151 - -2063. Suppose -3506 = -18*l + a. What is the hundreds digit of l?
3
Suppose -13073 = -21*d - 2174. Let m = d - -182. What is the hundreds digit of m?
7
Suppose 0 = 2*s + 3*s + 900. Let h = s - -261. Let i = -27 + h. What is the tens digit of i?
5
Let x = 15168 + 17948. What is the thousands digit of x?
3
Let c(r) = 11*r**2 - 5*r - 5. Let m = 348 - 341. What is the units digit of c(m)?
9
What is the hundreds digit of ((-12151)/(-116))/((2/3)/(40/15))?
4
What is the hundreds digit of ((-18)/(-15))/((-381)/(-2732405))?
6
Let v be 3 - (10/25 - (-3)/5). Let h be 5/15*12*v/(-8). What is the units digit of (-3)/h*(23 + 4)?
1
Let p(x) = -4*x + 9. Let o = 60 + -65. Let c be p(o). Suppose c*i - 30*i + 30 = 0. What is the units digit of i?
0
Suppose -m - 28 + 34 = 0. What is the tens digit of 4 - -1*(m + 346)?
5
Let o(i) = -i**3 - 60*i**2 - 232*i + 84. What is the thousands digit of o(-57)?
3
Suppose -21*o + 11413 = -68975. What is the thousands digit of o?
3
Let d = 97 + 13. Suppose v - d = -5*f, 3*f - 478 = -4*v + 2*f. What is the tens digit of v/(-28)*(-15 - -1)?
6
Let j(a) = 13*a**3 - 11*a**2 + 7*a + 3. What is the thousands digit of j(8)?
6
Suppose 95*p = 90*p + 25. Suppose 0 = p*j + 2*i - 1014, -270 - 144 = -2*j - 5*i. What is the units digit of j?
2
Suppose 0*p = 4*p - 5*p + 2911. What is the units digit of p?
1
Let x = -24690 - -54711. What is the units digit of x?
1
Let i(g) = -12*g - 23. Suppose 4*l + 18 - 62 = 0. Suppose -5*v = l + 19. What is the tens digit of i(v)?
4
Let v(c) = 9*c + 9. Let i be v(14). Suppose 2*t - 8*h = -3*h + 263, -t = h - i. Suppose -4*m + 2*j = -0*j - 308, 4*j = -2*m + t. What is the tens digit of m?
7
Let o be 76/20 + (-2)/(-10). Suppose -o*m + 5*m = -0*m. Suppose -r - 1 + 3 = m, 4*r + 25 = k. What is the tens digit of k?
3
Let k be (-2)/((3 + (0 - 5))/9). Let b(a) = 47*a - 28. Let i be b(k). Suppose 10*z - 35 = i. What is the tens digit of z?
4
Let a = 54146 + -34747. What is the thousands digit of a?
9
Suppose h - 184 = -5*q + 5*h, 0 = -5*q - 3*h + 212. Let a be (-4)/(-24)*3*q. Suppose -9*f = -a*f + 220. What is the tens digit of f?
2
Let g(q) = -q + 1. Let d be g(-1). Let t(l) = 8*l**2 - 10*l + 2 + l + 13*l + 8*l**d. What is the tens digit of t(-2)?
5
Suppose 28*o - 592*o + 7194384 = 0. What is the ten thousands digit of o?
1
Let q(f) = 2*f**2 + 50*f - 49. What is the hundre